{"id":739,"date":"2026-04-17T13:50:45","date_gmt":"2026-04-17T17:50:45","guid":{"rendered":"https:\/\/www.fonpyme.gob.ve\/?page_id=739"},"modified":"2026-04-20T10:12:23","modified_gmt":"2026-04-20T14:12:23","slug":"asistencia-a-emprendedores-y-beneficiarios","status":"publish","type":"page","link":"https:\/\/www.fonpyme.gob.ve\/index.php\/asistencia-a-emprendedores-y-beneficiarios\/","title":{"rendered":"Asistencia a Emprendedores y beneficiarios"},"content":{"rendered":"\n<ul>\n<li>ngg_shortcode_0_placeholder<\/li>\n<\/ul>\n<p align=\"justify\">Desde el Fondo Nacional de Garant\u00edas Rec\u00edprocas para la Peque\u00f1a y Mediana Empresa (<strong>FONPYME S.A.<\/strong>), creemos que, es el tiempo de lograr el reimpulso econ\u00f3mico y social productivo del pa\u00eds a trav\u00e9s del emprendimiento. Valoramos y apoyamos a todos aquellos venezolanos que han elegido la proactividad, desarrollando grandes ideas para encontrar oportunidades en medio de las adversidades.<\/p>\n<p align=\"justify\"><strong>El FONPYME<\/strong> ha desarrollado un importante portafolio de servicios que le brinda a los emprendedores las herramientas necesarias para convertir una simple idea en una gran oportunidad de negocio, por lo tanto ofrece asesor\u00eda y acompa\u00f1amiento destinados a orientar la gesti\u00f3n comercial, administrativa, legal y operativa de la idea emprendedora, con el fin de contribuir con sus objetivos empresariales y potenciar su desarrollo y crecimiento.<\/p>\n<p>&nbsp;<\/p>\n<p>&nbsp;<\/p>\n<ul>\n<li style=\"margin-bottom: 0.0001pt; line-height: justify; background: white none repeat scroll 0% 0%; text-align: justify;\">&nbsp;ngg_shortcode_1_placeholder<\/li>\n<\/ul>\n<p align=\"justify\">El Fondo Nacional de Garant\u00edas Rec\u00edprocas para la Peque\u00f1a y Mediana Empresa, contin\u00faa fortaleciendo su portafolio, a trav\u00e9s de la asistencia a Socios Beneficiarios, donde busca, mediante herramientas sencillas, &nbsp;desarrollar las actividades comerciales del microempresario.<\/p>\n<p align=\"justify\">&nbsp;A trav\u00e9s de este Programa de Asistencia, el <strong>FONPYME<\/strong> asesora y capacita a los Socios Beneficiarios en \u00e1reas administrativas, gerenciales, legales y tecnol\u00f3gicas para mejorar la producci\u00f3n de su negocio, adem\u00e1s de posicionarse estrat\u00e9gicamente en el mercado.<\/p>\n<p>&nbsp;<\/p>\n<p style=\"margin: 0px; text-align: justify; line-height: normal;\">&nbsp;<\/p>\n<p>\n","protected":false},"excerpt":{"rendered":"<p>Desde el Fondo Nacional de Garant\u00edas Rec\u00edprocas para la Peque\u00f1a y Mediana Empresa (FONPYME S.A.), creemos que, es el tiempo de lograr el reimpulso econ\u00f3mico y social productivo del pa\u00eds &#8230;<\/p>\n","protected":false},"author":1,"featured_media":0,"parent":0,"menu_order":0,"comment_status":"closed","ping_status":"closed","template":"","meta":{"ngg_post_thumbnail":0,"footnotes":""},"class_list":["post-739","page","type-page","status-publish","hentry"],"_links":{"self":[{"href":"https:\/\/www.fonpyme.gob.ve\/index.php\/wp-json\/wp\/v2\/pages\/739","targetHints":{"allow":["GET"]}}],"collection":[{"href":"https:\/\/www.fonpyme.gob.ve\/index.php\/wp-json\/wp\/v2\/pages"}],"about":[{"href":"https:\/\/www.fonpyme.gob.ve\/index.php\/wp-json\/wp\/v2\/types\/page"}],"author":[{"embeddable":true,"href":"https:\/\/www.fonpyme.gob.ve\/index.php\/wp-json\/wp\/v2\/users\/1"}],"replies":[{"embeddable":true,"href":"https:\/\/www.fonpyme.gob.ve\/index.php\/wp-json\/wp\/v2\/comments?post=739"}],"version-history":[{"count":3,"href":"https:\/\/www.fonpyme.gob.ve\/index.php\/wp-json\/wp\/v2\/pages\/739\/revisions"}],"predecessor-version":[{"id":797,"href":"https:\/\/www.fonpyme.gob.ve\/index.php\/wp-json\/wp\/v2\/pages\/739\/revisions\/797"}],"wp:attachment":[{"href":"https:\/\/www.fonpyme.gob.ve\/index.php\/wp-json\/wp\/v2\/media?parent=739"}],"curies":[{"name":"wp","href":"https:\/\/api.w.org\/{rel}","templated":true}]}}